en 896688 is divided by 896685?
3
What is the remainder when 3145081 is divided by 157254?
1
Calculate the remainder when 133724 is divided by 26721.
119
Calculate the remainder when 976850 is divided by 2315.
2235
Calculate the remainder when 14365 is divided by 1609.
1493
Calculate the remainder when 11272826 is divided by 575.
526
Calculate the remainder when 235575 is divided by 58892.
7
What is the remainder when 425136 is divided by 113?
30
What is the remainder when 29397975 is divided by 7?
5
What is the remainder when 123592 is divided by 2686?
36
Calculate the remainder when 186851 is divided by 173.
11
Calculate the remainder when 1624184 is divided by 2607.
23
What is the remainder when 477867 is divided by 13648?
187
Calculate the remainder when 7325716 is divided by 2441902.
10
What is the remainder when 515607 is divided by 515601?
6
Calculate the remainder when 778330 is divided by 278.
208
What is the remainder when 2060985 is divided by 12341?
38
Calculate the remainder when 24967160 is divided by 300.
260
Calculate the remainder when 1389925 is divided by 694900.
125
Calculate the remainder when 47433 is divided by 3970.
3763
What is the remainder when 160143 is divided by 1705?
1578
What is the remainder when 216847478 is divided by 31?
29
What is the remainder when 173174 is divided by 468?
14
Calculate the remainder when 19078 is divided by 1.
0
What is the remainder when 972174 is divided by 121481?
326
What is the remainder when 17051641 is divided by 281?
280
What is the remainder when 26064776 is divided by 12157?
168
What is the remainder when 1032772 is divided by 9138?
178
What is the remainder when 51319 is divided by 3789?
2062
What is the remainder when 889742 is divided by 811?
75
Calculate the remainder when 759024 is divided by 19969.
202
Calculate the remainder when 1399 is divided by 778.
621
Calculate the remainder when 1796278 is divided by 359254.
8
What is the remainder when 3634385 is divided by 4618?
19
Calculate the remainder when 352937 is divided by 2113.
66
What is the remainder when 73009 is divided by 3582?
1369
What is the remainder when 334633319 is divided by 1687?
1686
Calculate the remainder when 13269088 is divided by 3317272.
0
What is the remainder when 283960 is divided by 283882?
78
Calculate the remainder when 9726250 is divided by 58.
56
Calculate the remainder when 8664 is divided by 205.
54
Calculate the remainder when 42654717 is divided by 108813.
21
Calculate the remainder when 223838 is divided by 1149.
932
What is the remainder when 2014749 is divided by 2269?
2146
Calculate the remainder when 1761158 is divided by 201.
197
What is the remainder when 25106760 is divided by 151?
141
What is the remainder when 804950 is divided by 67?
12
Calculate the remainder when 364655 is divided by 181116.
2423
What is the remainder when 94847 is divided by 47109?
629
Calculate the remainder when 2299909 is divided by 704.
645
Calculate the remainder when 1048825 is divided by 852.
13
What is the remainder when 2624172 is divided by 86?
54
What is the remainder when 151072635 is divided by 79?
66
What is the remainder when 109384170 is divided by 333?
330
Calculate the remainder when 890856237 is divided by 80.
77
Calculate the remainder when 51661982 is divided by 401.
350
Calculate the remainder when 2933987 is divided by 1108.
3
What is the remainder when 12876337 is divided by 21?
19
What is the remainder when 235314 is divided by 1337?
2
Calculate the remainder when 11883687 is divided by 264.
255
What is the remainder when 3821792 is divided by 348?
56
Calculate the remainder when 125793 is divided by 471.
36
What is the remainder when 509004070 is divided by 509?
507
What is the remainder when 32219986 is divided by 6443997?
1
What is the remainder when 106247 is divided by 26540?
87
What is the remainder when 5754393 is divided by 800?
793
What is the remainder when 338938 is divided by 27601?
7726
What is the remainder when 30329 is divided by 4815?
1439
What is the remainder when 145693 is divided by 71228?
3237
What is the remainder when 19475304 is divided by 1842?
1680
What is the remainder when 1763158 is divided by 230?
208
Calculate the remainder when 159856 is divided by 4331.
3940
Calculate the remainder when 9502625 is divided by 2434.
289
What is the remainder when 15335756 is divided by 1479?
5
What is the remainder when 723566 is divided by 6083?
5772
What is the remainder when 719189 is divided by 719165?
24
Calculate the remainder when 24872 is divided by 24266.
606
Calculate the remainder when 12937194 is divided by 4312371.
81
What is the remainder when 981739 is divided by 247?
161
What is the remainder when 19853231 is divided by 10831?
8
Calculate the remainder when 235306 is divided by 1657.
12
What is the remainder when 130316467 is divided by 104?
99
Calculate the remainder when 2150461 is divided by 3182.
2611
What is the remainder when 221037 is divided by 7893?
33
What is the remainder when 9697456 is divided by 1616240?
16
What is the remainder when 60976604 is divided by 889?
94
Calculate the remainder when 2504051 is divided by 3252.
11
What is the remainder when 1466176 is divided by 733086?
4
What is the remainder when 325140 is divided by 10100?
1940
Calculate the remainder when 827537 is divided by 1760.
337
What is the remainder when 2310626 is divided by 105015?
296
Calculate the remainder when 83589 is divided by 1533.
807
What is the remainder when 1735 is divided by 820?
95
What is the remainder when 43525 is divided by 657?
163
What is the remainder when 208349 is divided by 136?
133
What is the remainder when 353719 is divided by 117572?
1003
What is the remainder when 184337880 is divided by 32?
24
Calculate the remainder when 1716531 is divided by 15321.
579
Calculate the remainder when 24944769 is divided by 84.
45
What is the remainder when 158623 is divided by 2452?
1695
What is the remainder when 18780642 is divided by 185?
182
What is the remainder when 1928599 is divided by 285?
4
What is the remainder when 4011520 is divided by 1576?
600
What is the remainder when 14643179 is divided by 2070?
2069
What is the remainder when 11128527 is divided by 38?
37
Calculate the remainder when 8544555 is divided by 2032.
2027
Calculate the remainder when 280362981 is divided by 6.
3
Calculate the remainder when 317547 is divided by 11.
10
Calculate the remainder when 459963116 is divided by 61.
58
Calculate the remainder when 631685 is divided by 210441.
362
Calculate the remainder when 313997 is divided by 8.
5
What is the remainder when 484381 is divided by 791?
289
Calculate the remainder when 5776 is divided by 155.
41
Calculate the remainder when 1633322 is divided by 2009.
5
Calculate the remainder when 58740627 is divided by 4.
3
Calculate the remainder when 352518 is divided by 117453.
159
What is the remainder when 1195574 is divided by 3821?
3422
Calculate the remainder when 464331 is divided by 116077.
23
What is the remainder when 1130090 is divided by 541?
482
Calculate the remainder when 89466 is divided by 37.
0
Calculate the remainder when 3327675 is divided by 2220.
2115
What is the remainder when 15908255 is divided by 37?
31
What is the remainder when 4563748 is divided by 40?
28
Calculate the remainder when 116746 is divided by 318.
40
What is the remainder when 74019405 is divided by 18504849?
9
Calculate the remainder when 8121982 is divided by 3.
1
Calculate the remainder when 2697682 is divided by 634.
12
What is the remainder when 1795665 is divided by 386?
379
Calculate the remainder when 42400 is divided by 42080.
320
Calculate the remainder when 2142545 is divided by 158.
65
Calculate the remainder when 21633714 is divided by 9901.
29
Calculate the remainder when 6408652 is divided by 447.
13
What is the remainder when 11838887 is divided by 6304?
6279
Calculate the remainder when 111709792 is divided by 42.
40
What is the remainder when 8500664 is divided by 55?
29
Calculate the remainder when 2386 is divided by 294.
34
What is the remainder when 448745 is divided by 566?
473
Calculate the remainder when 7156982 is divided by 2385639.
65
What is the remainder when 45794 is divided by 6610?
6134
What is the remai